1, 831529
What are the prime factors of 223264677?
3, 74421559
List the prime factors of 20753850.
2, 3, 5, 13, 29, 367
What are the prime factors of 17293921?
137, 126233
List the prime factors of 16359427.
7, 251, 9311
What are the prime factors of 2245572895?
5, 101, 4446679
What are the prime factors of 83549611?
17, 289099
List the prime factors of 2820563303.
31, 227, 277, 1447
List the prime factors of 4125678821.
11, 37, 10136803
What are the prime factors of 4201178956?
2, 13, 80791903
What are the prime factors of 2196261726?
2, 3, 366043621
List the prime factors of 23299869.
3, 839, 9257
List the prime factors of 66407661.
3, 17, 149, 971
What are the prime factors of 30756088?
2, 11, 373, 937
What are the prime factors of 3984842?
2, 23, 86627
What are the prime factors of 17521164?
2, 3, 53, 3061
What are the prime factors of 15146609?
17, 241, 3697
What are the prime factors of 29889314?
2, 7, 13, 29, 809
List the prime factors of 1234156091.
7, 79, 211, 1511
List the prime factors of 258235700.
2, 5, 2582357
List the prime factors of 39523368.
2, 3, 17, 73, 1327
List the prime factors of 5341476223.
11329, 471487
What are the prime factors of 3116700506?
2, 31, 67, 163, 4603
What are the prime factors of 1968230216?
2, 17, 19, 163, 4673
List the prime factors of 119767237.
9719, 12323
What are the prime factors of 2320294321?
29, 4127, 19387
What are the prime factors of 277414530?
2, 3, 5, 37, 249923
What are the prime factors of 28149816?
2, 3, 227, 5167
What are the prime factors of 1950882870?
2, 3, 5, 65029429
What are the prime factors of 3679470678?
2, 3, 13, 23, 2050987
List the prime factors of 5049085110.
2, 3, 5, 1097, 153421
What are the prime factors of 133124511?
3, 13, 67, 3919
List the prime factors of 953576508.
2, 3, 79464709
What are the prime factors of 7590506?
2, 7, 11, 23, 2143
List the prime factors of 69134779.
7, 173, 57089
List the prime factors of 22176490.
2, 5, 7, 41, 7727
List the prime factors of 784151151.
3, 7, 2129, 17539
List the prime factors of 3476794.
2, 557, 3121
List the prime factors of 1268659781.
29, 53, 825413
List the prime factors of 1883400963.
3, 15131, 41491
List the prime factors of 1618193967.
3, 13, 509, 81517
List the prime factors of 4704645488.
2, 53, 5547931
What are the prime factors of 45951519?
3, 19, 97, 8311
List the prime factors of 165367991.
191, 865801
List the prime factors of 324503242.
2, 7, 17, 19, 71761
List the prime factors of 115714428.
2, 3, 9642869
What are the prime factors of 268220219?
268220219
List the prime factors of 4856746571.
263, 18466717
What are the prime factors of 603161868?
2, 3, 647, 77687
What are the prime factors of 5158433538?
2, 3, 19, 5027713
What are the prime factors of 355083239?
7, 50726177
What are the prime factors of 788870855?
5, 157774171
List the prime factors of 7347801.
3, 59, 41513
What are the prime factors of 59385857?
59385857
List the prime factors of 30047217.
3, 10015739
List the prime factors of 231476488.
2, 17, 41, 41513
What are the prime factors of 388999408?
2, 7, 31, 181, 619
What are the prime factors of 260630281?
17, 15331193
List the prime factors of 310955503.
167, 1862009
List the prime factors of 37405236.
2, 3, 11, 17, 79, 211
What are the prime factors of 402762987?
3, 11, 4068313
What are the prime factors of 319141128?
2, 3, 13297547
List the prime factors of 3135674631.
3, 37, 73, 386977
List the prime factors of 83267900.
2, 5, 832679
List the prime factors of 3570155318.
2, 1785077659
List the prime factors of 407245652.
2, 11, 137, 67559
What are the prime factors of 2817767626?
2, 1408883813
List the prime factors of 101136676.
2, 433, 58393
List the prime factors of 3571252970.
2, 5, 277, 1289261
List the prime factors of 2190197356.
2, 23, 103, 231131
List the prime factors of 505469900.
2, 5, 13, 388823
What are the prime factors of 753216522?
2, 3, 191, 657257
List the prime factors of 754533030.
2, 3, 5, 773, 32537
What are the prime factors of 1103118226?
2, 7, 19, 23, 180307
List the prime factors of 1405867996.
2, 13, 27035923
What are the prime factors of 977187511?
977187511
What are the prime factors of 300657988?
2, 17, 1019, 4339
What are the prime factors of 858302429?
858302429
What are the prime factors of 60473223?
3, 248861
List the prime factors of 567068044.
2, 4909, 28879
What are the prime factors of 535873072?
2, 7, 37, 129313
What are the prime factors of 26596396?
2, 6649099
What are the prime factors of 107727875?
5, 861823
List the prime factors of 182129869.
281, 593, 1093
What are the prime factors of 3724323411?
3, 1241441137
List the prime factors of 409477672.
2, 51184709
What are the prime factors of 122329944?
2, 3, 11, 257, 601
What are the prime factors of 11756272?
2, 11, 66797
What are the prime factors of 795861574?
2, 31, 157, 81761
What are the prime factors of 157371907?
7, 11, 17, 120223
What are the prime factors of 5479310261?
103, 3571, 14897
What are the prime factors of 85150934?
2, 11, 47, 82351
List the prime factors of 459525281.
459525281
What are the prime factors of 19717868?
2, 4929467
What are the prime factors of 994928792?
2, 11, 13, 79063
What are the prime factors of 39165346?
2, 11, 19, 43, 2179
List the prime factors of 39600389.
19, 2084231
List the prime factors of 83951345.
5, 16790269
List the prime factors of 33616382.
2, 191, 88001
What are the prime factors of 325335456?
2, 3, 29, 38953
List the prime factors of 47348935.
5, 31, 305477
List the prime factors of 39158785.
5, 53, 147769
List the prime factors of 91738020.
2, 3, 5, 11, 29, 4793
What are the prime factors of 36118425?
3, 5, 7, 89, 773
List the prime factors of 1084097052.
2, 3, 30113807
What are the prime factors of 1619110940?
2, 5, 17, 373, 751
List the prime factors of 137007235.
5, 27401447
What are the prime factors of 881926850?
2, 5, 7, 17, 8719
List the prime factors of 1301064132.
2, 3, 108422011
What are the prime factors of 106598558?
2, 11, 4845389
List the prime factors of 72996575.
5, 19, 239, 643
What are the prime factors of 2586267204?
2, 3, 215522267
List the prime factors of 235979407.
251, 940157
List the prime factors of 820301002.
2, 410150501
List the prime factors of 3683657454.
2, 3, 67, 971, 9437
List the prime factors of 55554112.
2, 868033
What are the prime factors of 52688096?
2, 31, 53113
List the prime factors of 112316495.
5, 22463299
List the prime factors of 305069771.
305069771
What are the prime factors of 665580049?
23, 28938263
List the prime factors of 122937040.
2, 5, 211, 7283
List the prime factors of 114569854.
2, 7, 23, 383, 929
List the prime factors of 1255958617.
41, 67, 107, 4273
List the prime factors of 8623568576.
2, 7, 1627, 11831
What are the prime factors of 33924943?
13, 31, 84181
What are the prime factors of 2354419811?
17, 4261, 32503
What are the prime factors of 382152656?
2, 17, 1404973
What are the prime factors of 4998819268?
2, 409, 3055513
List the prime factors of 72235542.
2, 3, 71, 169567
What are the prime factors of 2789150608?
2, 174321913
List the prime factors of 1221142445.
5, 19, 12854131
What are the prime factors of 142116170?
2, 5, 7, 290033
What are the prime factors of 1385071953?
3, 461690651
What are the prime factors of 1307481127?
4139, 315893
List the prime factors of 53048348.
2, 251, 52837
List the prime factors of 30806395.
5, 6161279
What are the prime factors of 173276137?
67, 227, 11393
What are the prime factors of 5337915531?
3, 13, 89, 118297
What are the prime factors of 28812514?
2, 23, 113, 241
List the prime factors of 662909663.
13, 59, 864289
What are the prime factors of 48782055?
3, 5, 7, 464591
What are the prime factors of 77350972?
2, 19337743
List the prime factors of 1202213823.
3, 43, 9319487
List the prime factors of 2259858192.
2, 3, 23, 2046973
List the prime factors of 23505326.
2, 13, 101, 8951
List the prime factors of 19431564.
2, 3, 71, 22807
List the prime factors of 245897556.
2, 3, 107, 191509
List the prime factors of 2768187776.
2, 617, 35051
What are the prime factors of 267952436?
2, 17, 43, 91639
What are the prime factors of 1336475490?
2, 3, 5, 7, 23, 5647
List the prime factors of 123220070.
2, 5, 97, 127031
List the prime fact